 18291?
1
What is the hundreds digit of 1604478?
4
What is the thousands digit of 371056?
1
What is the thousands digit of 2653371?
3
What is the millions digit of 17782709?
7
What is the tens digit of 628522?
2
What is the ten thousands digit of 354551?
5
What is the thousands digit of 110805?
0
What is the hundreds digit of 12630729?
7
What is the tens digit of 8401?
0
What is the thousands digit of 9374580?
4
What is the thousands digit of 645116?
5
What is the hundreds digit of 2990873?
8
What is the thousands digit of 3143362?
3
What is the thousands digit of 95435?
5
What is the hundreds digit of 146220?
2
What is the tens digit of 9100836?
3
What is the tens digit of 198123?
2
What is the tens digit of 16116?
1
What is the hundred thousands digit of 17481065?
4
What is the units digit of 832453?
3
What is the thousands digit of 21886921?
6
What is the tens digit of 191312?
1
What is the millions digit of 7098361?
7
What is the tens digit of 1021586?
8
What is the hundreds digit of 648104?
1
What is the ten thousands digit of 622812?
2
What is the ten thousands digit of 2403410?
0
What is the thousands digit of 1397252?
7
What is the hundred thousands digit of 131267?
1
What is the ten thousands digit of 632463?
3
What is the thousands digit of 42654?
2
What is the hundred thousands digit of 1177832?
1
What is the tens digit of 1534856?
5
What is the hundreds digit of 174313?
3
What is the units digit of 914221?
1
What is the units digit of 135028?
8
What is the ten thousands digit of 9975917?
7
What is the thousands digit of 4456116?
6
What is the thousands digit of 1096781?
6
What is the ten thousands digit of 3149038?
4
What is the thousands digit of 1923133?
3
What is the hundred thousands digit of 1211750?
2
What is the thousands digit of 51231?
1
What is the thousands digit of 368073?
8
What is the hundreds digit of 4576473?
4
What is the tens digit of 229612?
1
What is the ten thousands digit of 239475?
3
What is the thousands digit of 13125?
3
What is the millions digit of 1062589?
1
What is the thousands digit of 412100?
2
What is the hundreds digit of 330788?
7
What is the units digit of 225998?
8
What is the tens digit of 411918?
1
What is the hundreds digit of 7026820?
8
What is the hundreds digit of 356275?
2
What is the tens digit of 22890472?
7
What is the thousands digit of 2545954?
5
What is the units digit of 2454006?
6
What is the units digit of 159604?
4
What is the tens digit of 557256?
5
What is the thousands digit of 358932?
8
What is the thousands digit of 5941296?
1
What is the tens digit of 1952567?
6
What is the units digit of 73782?
2
What is the tens digit of 7100013?
1
What is the hundreds digit of 833807?
8
What is the ten thousands digit of 25857?
2
What is the thousands digit of 7476776?
6
What is the tens digit of 7713457?
5
What is the hundreds digit of 1686982?
9
What is the millions digit of 7438564?
7
What is the hundreds digit of 323949?
9
What is the thousands digit of 340035?
0
What is the hundred thousands digit of 6170076?
1
What is the units digit of 702595?
5
What is the ten millions digit of 28741442?
2
What is the hundred thousands digit of 276550?
2
What is the hundreds digit of 926724?
7
What is the thousands digit of 2116612?
6
What is the thousands digit of 606958?
6
What is the units digit of 4694972?
2
What is the hundreds digit of 259002?
0
What is the thousands digit of 12784949?
4
What is the thousands digit of 10179265?
9
What is the millions digit of 3085730?
3
What is the thousands digit of 1919906?
9
What is the hundreds digit of 17561571?
5
What is the tens digit of 1787588?
8
What is the thousands digit of 1122072?
2
What is the units digit of 2854385?
5
What is the units digit of 2442465?
5
What is the millions digit of 2680079?
2
What is the hundreds digit of 5833052?
0
What is the ten thousands digit of 11961567?
6
What is the tens digit of 19998240?
4
What is the thousands digit of 403166?
3
What is the tens digit of 5758859?
5
What is the hundred thousands digit of 188693?
1
What is the hundred thousands digit of 147284?
1
What is the ten thousands digit of 20459831?
5
What is the ten thousands digit of 61470?
6
What is the tens digit of 4103446?
4
What is the hundred thousands digit of 573780?
5
What is the hundreds digit of 410618?
6
What is the hundreds digit of 33432?
4
What is the tens digit of 202471?
7
What is the hundreds digit of 1641214?
2
What is the units digit of 168523?
3
What is the ten thousands digit of 16616?
1
What is the units digit of 20044385?
5
What is the tens digit of 18004?
0
What is the millions digit of 5239112?
5
What is the hundreds digit of 2618905?
9
What is the units digit of 675025?
5
What is the ten thousands digit of 1146855?
4
What is the hundreds digit of 25264630?
6
What is the thousands digit of 1012045?
2
What is the thousands digit of 940408?
0
What is the units digit of 138757?
7
What is the tens digit of 136964?
6
What is the ten thousands digit of 9235713?
3
What is the thousands digit of 3616138?
6
What is the thousands digit of 66833?
6
What is the hundreds digit of 1042721?
7
What is the units digit of 2082099?
9
What is the hundreds digit of 722722?
7
What is the units digit of 284955?
5
What is the ten millions digit of 38178544?
3
What is the hundred thousands digit of 5019322?
0
What is the hundreds digit of 15373719?
7
What is the millions digit of 2241465?
2
What is the thousands digit of 3009624?
9
What is the ten thousands digit of 122093?
2
What is the thousands digit of 3343906?
3
What is the ten thousands digit of 1687452?
8
What is the ten thousands digit of 6357500?
5
What is the ten thousands digit of 137079?
3
What is the hundreds digit of 8176483?
4
What is the hundred thousands digit of 3004471?
0
What is the units digit of 13336?
6
What is the ten thousands digit of 4490664?
9
What is the tens digit of 19836949?
4
What is the ten thousands digit of 13742711?
4
What is the ten thousands digit of 43658?
4
What is the units digit of 7534892?
2
What is the thousands digit of 187373?
7
What is the units digit of 1513848?
8
What is the ten millions digit of 13165561?
1
What is the millions digit of 1753233?
1
What is the hundred thousands digit of 249835?
2
What is the thousands digit of 10429567?
9
What is the hundreds digit of 145054?
0
What is the units digit of 979841?
1
What is the thousands digit of 29193?
9
What is the ten millions digit of 10928687?
1
What is the millions digit of 1656707?
1
What is the thousands digit of 300701?
0
What is the millions digit of 1995100?
1
What is the hundred thousands digit of 10336690?
3
What is the units digit of 69940?
0
What is the tens digit of 105512?
1
What is the hundreds digit of 572980?
9
What is the thousands digit of 10227?
0
What is the tens digit of 10590499?
9
What is the hundred thousands digit of 510159?
5
What is the hundreds digit of 17054269?
2
What is the millions digit of 2374864?
2
What is the hundred thousands digit of 7746681?
7
What is the millions digit of 20348038?
0
What is the thousands digit of 6531163?
1
What is the hundreds digit of 5759380?
3
What is the tens digit of 3210045?
4
What is the thousands digit of 21612494?
2
What is the hundreds digit of 562040?
0
What is the tens digit of 331976?
7
What is the hundred thousands digit of 301567?
3
What is the thousands digit of 300765?
0
What is the millions digit of 1388042?
1
What is the ten thousands digit of 4566503?
6
What is the ten millions digit of 10933284?
1
What is the tens digit of 567604?
0
What is the units digit of 1056620?
0
What is the tens digit of 5484?
8
What is the millions digit of 7716691?
7
What is the hundred thousands digit of 1075182?
0
What is the units digit of 707521?
1
What is the thousands digit of 2506676?
6
What is the ten thousands digit of 11348214?
4
What is the thousands digit of 242490?
2
What is the hundred thousands digit of 1137069?
1
What is the thousands digit of 2427962?
7
What is the millions digit of 10765603?
0
What is the tens digit of 18048?
4
What is the thousands digit of 360432?
0
What is the tens digit of 1196135?
3
What is the hundred thousands digit of 633128?
6
What is the hundreds digit of 130345?
3
What is the units digit of 3468